 = -0. Let j(u) = y*u + 3 + 1 - u**2 - 3*u. What is j(0)?
4
Let m(w) = -w + 2. Let k(v) = v - 6. Let n(a) = k(a) + 2*m(a). Let l = 11 - 16. Determine n(l).
3
Let z(y) be the first derivative of 1/4*y**4 - 2*y - 2/3*y**3 + 3 - 3/2*y**2. Calculate z(3).
-2
Let d(s) = -11*s**3 + 2*s - 1. Let b(j) = -j**2 + 5*j - 5. Let g be b(3). Give d(g).
-10
Let s(c) = -3*c**3 + 0*c**3 + 4*c**2 + 0*c**3 + 2*c**3 - 3. Determine s(3).
6
Let l(m) be the second derivative of m**3/6 - 3*m**2/2 + 11*m. What is l(9)?
6
Let z = -9 - -12. Let v(l) = l**2 - 5*l**2 - 4*l**z + 3*l**3 + 3 + 8*l. Calculate v(-5).
-12
Let t(m) = 2*m - 3. Suppose -27 = -3*s - 6. Let q = -4 + s. Suppose -q*p + 6 = -6. What is t(p)?
5
Let m(g) = g**3 + 10*g**2 + 10*g + 8. Let d be m(-9). Let l(a) be the second derivative of 0 - 1/3*a**3 + a + 0*a**2. Give l(d).
2
Let n be (6 - (-9)/(-3))*1. Let r(d) = -d**3 - 3*d + 3*d**n - 2 - d**3. Calculate r(-2).
-4
Let n(a) = -3*a**3 - 3*a**2 - 2*a. Let v be n(-1). Let j(b) = b. Calculate j(v).
2
Let c be -2 + (0 - -2) + -3. Let q(t) = -2*t**2 - 5*t - 4. Determine q(c).
-7
Let d = -5 - -10. Suppose -k + 5*x + 29 = -2, 40 = d*k - 2*x. Suppose f = -5*r + k, -2*f - 3 = r - 6. Let g(w) = 5*w**2 + w. Determine g(r).
6
Let g(z) = 5*z + z**2 - 18*z + 15*z - 1. What is g(-3)?
2
Let c(m) be the third derivative of m**5/10 - m**4/24 - 15*m**2. Let g(x) = x**2 + 2*x - 1. Let y be g(-2). Calculate c(y).
7
Suppose 0 = -5*m - 4*h + h, -2*h = -4*m. Let u(z) = -z**3 + z**2 + z - 9. Give u(m).
-9
Let o(u) be the first derivative of u**4/12 - u**3/3 + u**2 - 2. Let w(v) be the second derivative of o(v). Calculate w(5).
8
Let g(a) be the third derivative of a**5/60 - 7*a**4/24 + a**3/2 + 3*a**2. Let p(d) be the first derivative of g(d). Let w be 2*2 - (-3 - -2). What is p(w)?
3
Let r(j) = 2*j**2 - 2. Suppose 6*l - 18 = -6. Calculate r(l).
6
Let p = -1 + 3. Let c(h) = -h**3 - 4 - 2*h**2 + 0 - h**p + 2*h. Give c(-4).
4
Let u(z) be the first derivative of 3*z**3 + 27. What is u(-1)?
9
Let y(a) be the first derivative of -7*a**6/180 - 2*a**3 - 8. Let z(i) be the third derivative of y(i). Determine z(1).
-14
Let j(c) = 2*c**2 - 2*c. Let q be (3 - 6) + 11*1. Let i = q + -3. Suppose i*s - 10 = -0*s. Give j(s).
4
Let b(p) = 3*p**2 - 8*p + 51. Let j(q) = q**2 - 3*q + 17. Let t(f) = -4*b(f) + 11*j(f). Determine t(0).
-17
Let n = 9 + -4. Let v(k) = k**3 - 4*k**2 - 4*k - 5. Let o be v(n). Let h(c) = -c**2 + c. Determine h(o).
0
Let u(r) = 113*r**2 + r**3 - 3*r + 1 - 55*r**2 - 55*r**2 - 2. Calculate u(-4).
-5
Let u(f) = 6*f**2 - 4*f - 6. Let t(b) = -11*b**2 + 7*b + 11. Suppose 8 = -r + 2. Let o be (-2)/r + 13/(-3). Let a(z) = o*t(z) - 7*u(z). What is a(-2)?
6
Let v(u) = 2*u**3 - 2*u**2. Let f(j) = -j**2 + 5*j + 4. Let h be f(5). Suppose 0 = -2*b, -o + h*b + 1 + 1 = 0. Give v(o).
8
Let a be 210/75*10/(-4). Let n(d) = d**3 + 8*d**2 + 7*d + 6. Determine n(a).
6
Let z = -46 - -43. Let o(m) = m**3 + 3*m**2 + 2*m + 2. What is o(z)?
-4
Let y(s) be the second derivative of -s**4/12 - s**3/6 + 2*s**2 + 24*s. Let u be (-46)/6 - 6/(-9). Let w be (-3)/6 - u/2. What is y(w)?
-8
Let o(g) be the first derivative of -g**6/120 - g**5/12 - g**3/3 + g**2/2 - 1. Let d(j) be the second derivative of o(j). Calculate d(-5).
-2
Let q(t) = 3*t + 6. Let s(z) = -z - 1. Let l be s(-2). Let y be 0 + (-1)/(l/(-8)). Suppose 5*w = 3*d + 3*w + 4, 3*d = w - y. Give q(d).
-6
Let g(f) = -f. Suppose -6 = -m - 0*m. Suppose 2*v + 6 = 4*w - 2, m = 3*w. What is g(v)?
0
Let s(l) = l**2 - l - 1. Let g(z) = -z**2 + 5*z + 6. Let m(a) = -g(a) - 2*s(a). Give m(-3).
-4
Let g(f) = f**2 + f + 2. Let r = 2 - 2. Let y be g(r). Let i(d) = d + d**y + 1 - 4*d - 3. Give i(5).
8
Let r(s) be the third derivative of -s**5/60 + 7*s**4/24 - s**3/3 + 20*s**2. Calculate r(6).
4
Let l(v) = -5*v**2 - 16*v + 11. Let n(w) = -w**2 - 4*w + 3. Let p(z) = -2*l(z) + 9*n(z). Give p(5).
10
Let z(k) be the first derivative of k**6/360 + k**5/20 + k**4/6 - 2*k**3/3 + 1. Let d(a) be the third derivative of z(a). Suppose -1 + 16 = -3*h. What is d(h)?
-1
Let j(t) = t + 9. Let b be j(-6). Let p(c) = c**2 - c - 4. Give p(b).
2
Let k be (2 - 1)*(-3 + -1). Let x(g) = g**3 + 3*g**2 - g - 1. What is x(k)?
-13
Let t(v) = v**2 + 2*v - 3. Suppose 0 = d + w - 17, d - 7 = 3*w - 2*w. Let c = d - 16. Give t(c).
5
Let y(i) = 7*i**2 - 2*i + 1. Suppose -3 = -2*z - z - 5*n, -3*n + 3 = 3*z. Give y(z).
6
Let c(y) = -y**2 - 7*y - 4. Let b(p) = -3*p**2 - 22*p - 12. Let s(z) = -2*b(z) + 7*c(z). What is s(-6)?
-10
Let m(c) = 0*c**2 - c + c**2 + 5 - 2*c**2. Let a = -6 + 9. Let s = a + -3. What is m(s)?
5
Let c = 3 + -3. Suppose 0 = -5*d + 4*n + 22, c = 5*d + 2*n + n - 1. Let f(b) = -3*b - b + 3*b + 3*b - d. Give f(5).
8
Let i(t) = t + 0*t**2 + 2*t - 2*t**2 + 3*t**2 - 7. Give i(-5).
3
Let u(f) = 2 - 5 + 4*f + 5*f**2 - 4*f**2 - f**3. Suppose 0 = 2*k - k - 2. Suppose 0 = -3*x - 3*r + 6, k*r - 1 = x - 3. What is u(x)?
1
Let c(k) = -k**2 + 2*k + 1. Let h(m) = m**2 - m - 1. Let z(f) = 6*c(f) + 7*h(f). Give z(-7).
13
Let k(s) = -3*s**3 + 7*s**2 + 4*s + 3. Let i(m) = 4*m**3 - 8*m**2 - 3*m - 2. Let f(b) = -2*i(b) - 3*k(b). Let n be 80/14 - (-2)/7. What is f(n)?
-5
Let x(q) = -6*q**3 + 4*q**2 + 6*q + 1. Let f = -5 + 4. Let t(s) = s**3 - 1. Let n(o) = f*x(o) - 5*t(o). Determine n(5).
-1
Let l(p) be the third derivative of -p**6/120 - p**5/6 - 3*p**4/8 - p**3/3 + 60*p**2 + 1. Determine l(-9).
-2
Suppose 0 = 2*j + 8 - 64. Let i be (-2 - (-72)/j)*7. Let u(r) = -5*r + 4*r**3 - 3*r**3 - 3 + r - 3*r**2. What is u(i)?
-3
Let m(j) = j**3 + j**2 - 1. Let f(l) be the third derivative of l**6/120 - l**5/15 - 7*l**4/24 - l**3/2 + l**2. Let h(c) = f(c) - 2*m(c). Give h(-5).
9
Let k be (-12)/(-8)*(-8)/(-3). Let f(b) = -4*b**2 + b**3 - 4 - 4*b - k + 2. Calculate f(5).
-1
Let w(j) be the third derivative of -j**6/120 - j**5/30 - j**3/6 - 8*j**2. Give w(-2).
-1
Suppose -j + 2*s + 1 = 0, -6*s + 5 = -j - s. Let n(h) = 2*h**2 - 7*h + 5. Give n(j).
20
Let w = -6 - -9. Let b(n) = -3 + 5 - w + n. Suppose -6 = 2*f - 0*f - 2*t, -3*f = -4*t + 13. Determine b(f).
0
Let i(h) = -h**3 + 2*h**2 + 3*h - 4. Let u be -5*(-1)/1 + 1. Suppose -3*p - 3*w + 15 = u, -w = 0. Determine i(p).
-4
Let h = 17 + -15. Let c(j) = j**3 - 2*j**2 - 2*j + 1. Let d be c(h). Let m(x) = 2*x - 4. Give m(d).
-10
Let k(p) = -p - 5. Let t(l) = l + 1. Let v(f) = k(f) + 3*t(f). Determine v(-2).
-6
Let k(z) = -6*z - 5. Let o(w) = -w + 3. Let b(y) = y - 1. Let r(m) = -2*b(m) - o(m). Let d(l) = -k(l) + 5*r(l). Give d(3).
3
Suppose 3*j = -3*f + 5*f + 6, 5*j + 6 = -2*f. Suppose -2*g - 6 = 5*n, -4*n - 4 = 2*g - j. Let s(o) = 5 + 2*o**2 - o + g*o**2 + 1 - 3*o**2. Calculate s(0).
6
Let x be ((-7)/(-21))/(-3 + 140/48). Let s(u) = -u**2 - 5*u + 2. Let d be s(-5). Let j(t) = 3*t**2 + 5 - 2*t**2 - d*t**2 - 4*t. Calculate j(x).
5
Let h(t) = 1 - 22*t + 13*t + 10*t. Calculate h(-8).
-7
Suppose -3*s + 15 = -6*s. Let j(v) be the second derivative of v**3/6 - v**2/2 + 5*v. Determine j(s).
-6
Suppose 0 = -5*p + 5 + 20. Suppose -5*i + 8*i = 0. Let m(n) = i*n**3 + 72 - 73 - n**3 - 3*n**2 + 8*n**2. Give m(p).
-1
Let v(q) = -q + 8. Let z = 1 + -2. Let l be z/3 - (-147)/9. Let k = -11 + l. Determine v(k).
3
Let w(d) be the first derivative of 1 - 4*d**2 + 7*d + 1/3*d**3. What is w(6)?
-5
Let f(j) = -6*j**3 - j**2 - j - 1. Let g be ((-21)/(-15) - 2)*-5. Let x be -3 - (0/g - 2). Give f(x).
5
Let m(r) = -r**2 - 6*r - 4. Let g = -32 - -27. Give m(g).
1
Let u(s) = 3*s + 2. Let f(o) = -4*o - 2. Let a = -6 - -12. Let c(v) = a*u(v) + 5*f(v). What is c(-5)?
12
Let z(f) = -f**2 + 6*f - 6. Suppose 4*d + 4*x - 1 = 5*d, -3*d - 3*x = 3. Let y be (-10)/(-5)*(4 + d). Let u be z(y). Let b(n) = -n - 13. Determine b(u).
-7
Let z(v) = v**3 - v**2 + v + 6. Suppose 25 = 4*i + 9. Let t = 15 + -11. Suppose 0 = -i*c + 3*x - 12, 0*x = -t*x + 16. Give z(c).
6
Let q(f) = -f - 12. Let x be q(-17). Let n(z) be the third derivative of -5/24*z**4 + 1/60*z**x + z**2 + 0*z**3 + 0 + 0*z. Calculate n(5).
0
Let d = -1 - -5. Let c(l) = -6*l**2 + d*l**2 + l**2 + 2*l. Let z be -3 + 18/2 + -3. Give c(z).
-3
Let y(l) = -8*l**3 - l**2 - l - 1. Let g be y(-1). Let w(k) = -k - 3 + g + 3. Give w(5).
2
Let d(y) = 0*y - y - 1 + 5. Suppose 4*b - 2 = 2. Let p be (3/b)/(2/2). Calculate d(p).
1
Let z be ((-2)/(-6))/(3/(-9)). Let 